s the greatest common divisor of 69 and s?
23
Suppose 3*z = 8 + 37. Suppose 4*n = -n + 900. Suppose -3*w + n = -0*w. Calculate the highest common divisor of z and w.
15
Suppose 3*u + 140 = 5*u. Let k(z) = 4*z**2 - 4*z**2 - 5*z + z**2 + 4. Let p be k(6). What is the greatest common divisor of p and u?
10
Suppose 0 = -2*q - 12 + 64. Calculate the highest common factor of q and 130.
26
Let q(b) = 2*b - 4. Let t be q(6). Let p(n) = n**2 - 1. Let h be p(-5). Calculate the highest common divisor of t and h.
8
Let m(g) = -g - 1. Let w(y) = y**2 + 3*y - 29. Let a(d) = -3*m(d) - w(d). Let r be a(0). Calculate the greatest common divisor of r and 8.
8
Let f be (-5)/(-15) + (-94)/(-6). What is the highest common divisor of 2 and f?
2
Let l = -21 - -25. What is the highest common factor of l and 32?
4
Suppose -3*j = -5*j + 40. Calculate the highest common factor of 220 and j.
20
Suppose -2*b + 24 = 4*q, 3*b + 2*b - 10 = 0. Suppose -q*f = 0, 3*f = -d + 24 + 3. Calculate the highest common divisor of d and 3.
3
Suppose 2*u + 828 = 6*u. Calculate the greatest common factor of 23 and u.
23
Let x(c) = c + 5. Let o be x(0). Calculate the greatest common divisor of o and 2.
1
Let o be -1 + 3/(-6)*-4. Let c = o + -2. Let m = c + 4. Calculate the highest common factor of 33 and m.
3
Let r(f) = 2*f**3 - 3*f**2 + 3*f - 1. Let m be r(2). Let n be (-4)/(-12) - (-159)/m. What is the greatest common factor of n and 27?
9
Let s = -14 + 70. Let r(w) = -w**3 - w**2 + 3*w - 2. Let v be r(-3). What is the greatest common divisor of s and v?
7
Let r be (-35)/(-1) + 2 + -2. Suppose 2*l - 2 = 3*l. Let s be 21/l*4/(-6). Calculate the greatest common factor of r and s.
7
Suppose 7*f + 24 = 13*f. What is the highest common factor of f and 4?
4
Let c be 12/((91/(-14))/(-13)). Let o be (1 - 1) + 1 + 2. What is the greatest common divisor of o and c?
3
Let m = -16 + 23. Let f be (-1)/((-157)/52 + 3). Suppose m*o = 3*o + f. Calculate the greatest common divisor of o and 52.
13
Let u = 25 + 87. Suppose 2*i - 6*i = -60. Let f be 246/i + 4/(-10). Calculate the greatest common divisor of u and f.
16
Let m be (-3668)/(-18) + (-8)/(-36). What is the greatest common factor of m and 34?
34
Let y(d) = -d - 9. Let m be y(-9). Suppose 3*s + 10 - 199 = m. Let b(k) = -k**2 - 6*k. Let h be b(-3). Calculate the greatest common factor of h and s.
9
Let b(o) = -2*o - 6. Let y be b(-5). Let t = 10 + 6. Calculate the highest common divisor of t and y.
4
Let d(i) = -96*i**3 - i**2 - 3*i - 1. Let w be d(-1). Suppose 42 = -5*c - 218. Let g = c + w. What is the greatest common factor of g and 15?
15
Let w = -9 - -15. Let l = -29 - -36. Let k(s) = -s**3 + 7*s**2 + 4. Let x be k(l). What is the highest common divisor of w and x?
2
Let m(s) = 14*s**2 - 7*s**2 + 8*s**2. Let i be m(1). Let z be (3 + 1)*(-5)/(-4). Calculate the highest common divisor of z and i.
5
Let b(d) = 15*d**2 - d + 16. Let h(n) = 4*n**2 + 4. Let s(v) = 6*b(v) - 22*h(v). Let a be s(8). Calculate the highest common divisor of 22 and a.
22
Let l = -9 - 3. Let s be 14/4*l/(-21). Calculate the greatest common divisor of s and 1.
1
Let q be ((-8)/10)/((-2)/(-10)). Let n be (18/q)/((-3)/102). What is the highest common divisor of n and 17?
17
Let t(y) = 4*y - 8. Let o = 2 + 3. Let l be t(o). Let j = -4 + 34. What is the greatest common factor of l and j?
6
Let b be 6/(-21) - 2146/(-14). Let l(d) = -d**3 + 8*d**2 + 10*d + 8. Let c be l(9). What is the greatest common factor of c and b?
17
Let p be 37 + 2 + -4 + 1. Suppose 4*z - 375 = -3*a - 24, 0 = 2*z - a - 183. What is the highest common factor of p and z?
18
Let c be 3 - (-145)/20 - (-1)/(-4). What is the greatest common divisor of c and 60?
10
Let o(i) = -4*i**2 - 6 - 2*i**3 - 2*i**3 - 5*i + 3*i**3. Let u be o(-4). Calculate the greatest common factor of u and 14.
14
Let s = 290 + -205. Calculate the greatest common factor of s and 34.
17
Let p(t) = 1. Let f(d) = -4*d**2 - 9*d + 2. Let z(i) = -f(i) - 5*p(i). Let h be z(-7). What is the highest common factor of 14 and h?
14
Let c(w) = 63 - w**2 - w + w. Let y be c(0). Suppose 14 = 5*u - 21. What is the highest common divisor of y and u?
7
Let y be 80/(-14)*(-35)/10. Calculate the greatest common divisor of 220 and y.
20
Let b be ((-4)/(-20) - 9/(-5)) + 19. Calculate the highest common factor of 7 and b.
7
Suppose -4*y - 404 = -3*t, 3*y = y - 4. Let p be t/10 - (-2)/(-10). Calculate the highest common divisor of 13 and p.
13
Let u = 5 + -1. Suppose 0 = 4*g - 3*x - 11, u*g + x = 8*g - 9. Suppose g*m - 182 = -2*k, m - k = k + 88. What is the greatest common divisor of m and 18?
18
Suppose 0 = -2*q - 0*c - 4*c + 12, 5*q = 4*c + 58. Suppose -5*g = q, 0*l - 2*l = -g - 6. Calculate the highest common factor of 16 and l.
2
Suppose -2*d + 7*d = -105. Let x be 3*1*d/(-9). Let a(p) = -p**2 + 15*p - 6. Let c be a(x). What is the greatest common factor of c and 20?
10
Let f(s) = 3*s**2 + 7*s + 10. Let y be f(-4). What is the greatest common divisor of 15 and y?
15
Suppose 4*z - 4*f + 2 = -2, -2 = -f. Let d = z - 0. Let w = d - -10. What is the greatest common divisor of 44 and w?
11
Let t(h) = h**2 + 2*h + 1. Let m be t(-6). Let b = m - 5. What is the greatest common divisor of 50 and b?
10
Suppose 0*t - t = -44. Let x be 12 - (9/3 + -2). What is the greatest common factor of x and t?
11
Suppose 2*j = -2*n - 2*n - 8, -2*n = 6. Suppose j*w - 6*w = -784. Suppose -3*f + w = -f. Calculate the greatest common divisor of f and 14.
14
Let n = 39 - 27. What is the greatest common factor of n and 24?
12
Let f(b) = -57*b - 1. Let j be f(-1). Suppose 0 = -8*u + 3*u + 35. What is the highest common factor of j and u?
7
Let g(o) = -o**2 - 10*o + 2. Let h be (6/(-4))/(1/6). Let a be g(h). Let i be (-66)/10*10/(-2). What is the greatest common factor of i and a?
11
Suppose -135 = -3*u + 2*u. What is the highest common divisor of u and 15?
15
Suppose -2*c = -62 - 34. Let i(h) = h**2 - 3*h - 3. Let o be i(5). Suppose -z + 5 = -o. What is the highest common divisor of z and c?
12
Let f(r) = r + 15. Let d be f(0). What is the highest common divisor of d and 165?
15
Let j be -10*(-3)/60*150. Suppose -3*v + 46 = 1. What is the highest common divisor of j and v?
15
Suppose x = 20 + 12. Let j(f) = -49*f - 1. Let i be j(-1). What is the highest common factor of i and x?
16
Let f be 2 + (3 - 4) + 5. Suppose -2*a + 5*d + 51 = 0, 4*a = -f*d + 2*d + 88. Calculate the highest common factor of 46 and a.
23
Let l(a) = -49*a + 1. Let q be l(-2). Let o = -87 + 96. What is the greatest common divisor of o and q?
9
Let m = 39 + -15. Suppose -m = -j + 10. What is the highest common factor of j and 17?
17
Suppose -4*q + 108 = -172. Let b = 102 - q. What is the highest common divisor of 4 and b?
4
Suppose 0 = 4*f - 2*f + 20. Let x be 2/f*38*-5. Let k = x - 16. Calculate the greatest common factor of 33 and k.
11
Let m be (((-117)/6)/(-1))/(3/8). Calculate the greatest common divisor of 13 and m.
13
Suppose w - 5*p = -4, -4*p + 16 = 2*w - 2*p. Suppose -w*z + 85 = -z. Calculate the greatest common divisor of 34 and z.
17
Suppose 0 = -g - 4 + 20. Let u = 7 + -13. Let q = g + u. What is the highest common factor of q and 80?
10
Let h(w) = -10*w - 4. Let s be h(-4). Suppose m = -0*m + 4. What is the highest common factor of m and s?
4
Let c = -1 - -4. Let g be c - -2*(-6)/(-3). Calculate the highest common factor of 28 and g.
7
Let h be (-500)/(-35) - (-4)/(-14). Calculate the highest common divisor of 21 and h.
7
Suppose -3*n = -5*v + 33, n - 4*v + 30 = -2*n. Let w = -4 - n. Let t be -50*1*w/(-5). Calculate the greatest common divisor of t and 20.
20
Let h be 24/(-9)*6/(-8). What is the greatest common factor of 4 and h?
2
Let k = 0 + 2. Let o be (-1 + 0)/(2/(-16)). What is the greatest common factor of k and o?
2
Suppose -g + 5*g - 148 = 0. Let k = -22 + g. Let w be k + (-2 + -4)/(-3). Calculate the greatest common divisor of 17 and w.
17
Let w = 11 - 6. Suppose 5*s = 2*r - w*r - 9, -4*r + 5*s + 23 = 0. What is the greatest common factor of 16 and r?
2
Let b be 21*-7*(21/9 + -3). Calculate the highest common factor of 14 and b.
14
Let u be 1/(((-1)/(-12))/1). Let b = -1 - -12. Let n = 15 - b. What is the greatest common factor of u and n?
4
Let y be 24/9*(-9)/(-4). Let b be (-1)/4 + 265/4. Ca